{"id":93,"date":"2021-11-03T23:59:45","date_gmt":"2021-11-04T02:59:45","guid":{"rendered":"https:\/\/fhce.edu.uy\/oded\/?page_id=93"},"modified":"2023-03-10T19:54:45","modified_gmt":"2023-03-10T22:54:45","slug":"pecuc","status":"publish","type":"page","link":"https:\/\/fhce.edu.uy\/oded\/pecuc\/","title":{"rendered":"PECUC"},"content":{"rendered":"\t\t<div data-elementor-type=\"wp-page\" data-elementor-id=\"93\" class=\"elementor elementor-93\" data-elementor-settings=\"[]\">\n\t\t\t\t\t\t\t<div class=\"elementor-section-wrap\">\n\t\t\t\t\t\t\t<section class=\"elementor-section elementor-top-section elementor-element elementor-element-6506197 elementor-section-boxed elementor-section-height-default elementor-section-height-default\" data-id=\"6506197\" data-element_type=\"section\">\n\t\t\t\t\t\t<div class=\"elementor-container elementor-column-gap-default\">\n\t\t\t\t\t<div class=\"elementor-column elementor-col-100 elementor-top-column elementor-element elementor-element-168a2a1\" data-id=\"168a2a1\" data-element_type=\"column\">\n\t\t\t<div class=\"elementor-widget-wrap elementor-element-populated\">\n\t\t\t\t\t\t\t\t<div class=\"elementor-element elementor-element-6b76ef1 elementor-widget elementor-widget-text-editor\" data-id=\"6b76ef1\" data-element_type=\"widget\" data-widget_type=\"text-editor.default\">\n\t\t\t\t<div class=\"elementor-widget-container\">\n\t\t\t\t\t\t\t<p><strong>Grupo pol\u00edticas educativas, cuerpo y curr\u00edculum<\/strong><\/p>\t\t\t\t\t\t<\/div>\n\t\t\t\t<\/div>\n\t\t\t\t\t<\/div>\n\t\t<\/div>\n\t\t\t\t\t\t\t<\/div>\n\t\t<\/section>\n\t\t\t\t<section class=\"elementor-section elementor-top-section elementor-element elementor-element-ae6325e elementor-section-boxed elementor-section-height-default elementor-section-height-default\" data-id=\"ae6325e\" data-element_type=\"section\">\n\t\t\t\t\t\t<div class=\"elementor-container elementor-column-gap-default\">\n\t\t\t\t\t<div class=\"elementor-column elementor-col-66 elementor-top-column elementor-element elementor-element-7663871\" data-id=\"7663871\" data-element_type=\"column\">\n\t\t\t<div class=\"elementor-widget-wrap elementor-element-populated\">\n\t\t\t\t\t\t\t\t<div class=\"elementor-element elementor-element-455952d elementor-widget elementor-widget-text-editor\" data-id=\"455952d\" data-element_type=\"widget\" data-widget_type=\"text-editor.default\">\n\t\t\t\t<div class=\"elementor-widget-container\">\n\t\t\t\t\t\t\t<p>El Grupo de Investigaci\u00f3n Pol\u00edticas Educativas, Cuerpo y Curriculum (PECUC) pertenece al N\u00facleo Educaci\u00f3n F\u00edsica, Cultura y Sociedad del Departamento de Educaci\u00f3n F\u00edsica y Pr\u00e1cticas Corporales del Instituto Superior de Educaci\u00f3n F\u00edsica de la Universidad de la Rep\u00fablica (ISEF \u2013 Udelar). Se inscribe en el eje \u201cPol\u00edticas referidas al cuerpo en la educaci\u00f3n\u201d del Programa de Pol\u00edticas Educativas del N\u00facleo Educaci\u00f3n para la Integraci\u00f3n (NEPI) de la Asociaci\u00f3n de Universidades del Grupo Montevideo (AUGM).<\/p>\t\t\t\t\t\t<\/div>\n\t\t\t\t<\/div>\n\t\t\t\t<div class=\"elementor-element elementor-element-6401944 elementor-widget elementor-widget-text-editor\" data-id=\"6401944\" data-element_type=\"widget\" data-widget_type=\"text-editor.default\">\n\t\t\t\t<div class=\"elementor-widget-container\">\n\t\t\t\t\t\t\t<p><span style=\"background-color: var(--page-background-color)\">El Grupo de Investigaci\u00f3n Pol\u00edticas Educativas, Cuerpo y Curriculum (PECUC) pertenece al N\u00facleo Educaci\u00f3n F\u00edsica, Cultura y Sociedad del Departamento de Educaci\u00f3n F\u00edsica y Pr\u00e1cticas Corporales del Instituto Superior de Educaci\u00f3n F\u00edsica de la Universidad de la Rep\u00fablica (ISEF \u2013 Udelar). Se inscribe en el eje \u201cPol\u00edticas referidas al cuerpo en la educaci\u00f3n\u201d del Programa de Pol\u00edticas Educativas del N\u00facleo Educaci\u00f3n para la Integraci\u00f3n (NEPI) de la Asociaci\u00f3n de Universidades del Grupo Montevideo (AUGM).<\/span><\/p><ol>\n<\/ol>\t\t\t\t\t\t<\/div>\n\t\t\t\t<\/div>\n\t\t\t\t\t<\/div>\n\t\t<\/div>\n\t\t\t\t<div class=\"elementor-column elementor-col-33 elementor-top-column elementor-element elementor-element-68b4d4e\" data-id=\"68b4d4e\" data-element_type=\"column\">\n\t\t\t<div class=\"elementor-widget-wrap elementor-element-populated\">\n\t\t\t\t\t\t\t\t<div class=\"elementor-element elementor-element-ca18aea elementor-widget elementor-widget-image\" data-id=\"ca18aea\" data-element_type=\"widget\" data-widget_type=\"image.default\">\n\t\t\t\t<div class=\"elementor-widget-container\">\n\t\t\t\t\t\t\t\t\t\t\t\t\t\t\t\t<a href=\"https:\/\/www.youtube.com\/watch?v=0xIEzl9C2fk\">\n\t\t\t\t\t\t\t<img decoding=\"async\" width=\"576\" height=\"1024\" src=\"https:\/\/fhce.edu.uy\/oded\/wp-content\/uploads\/sites\/3\/2022\/08\/PORTADA-PECUC.jpg\" class=\"attachment-large size-large\" alt=\"\" loading=\"lazy\" \/>\t\t\t\t\t\t\t\t<\/a>\n\t\t\t\t\t\t\t\t\t\t\t\t\t\t\t<\/div>\n\t\t\t\t<\/div>\n\t\t\t\t\t<\/div>\n\t\t<\/div>\n\t\t\t\t\t\t\t<\/div>\n\t\t<\/section>\n\t\t\t\t<section class=\"elementor-section elementor-top-section elementor-element elementor-element-d7aaf80 elementor-section-boxed elementor-section-height-default elementor-section-height-default\" data-id=\"d7aaf80\" data-element_type=\"section\">\n\t\t\t\t\t\t<div class=\"elementor-container elementor-column-gap-default\">\n\t\t\t\t\t<div class=\"elementor-column elementor-col-100 elementor-top-column elementor-element elementor-element-7d74495\" data-id=\"7d74495\" data-element_type=\"column\">\n\t\t\t<div class=\"elementor-widget-wrap elementor-element-populated\">\n\t\t\t\t\t\t\t\t<div class=\"elementor-element elementor-element-a733dbf elementor-widget elementor-widget-text-editor\" data-id=\"a733dbf\" data-element_type=\"widget\" data-widget_type=\"text-editor.default\">\n\t\t\t\t<div class=\"elementor-widget-container\">\n\t\t\t\t\t\t\t<p><span style=\"background-color: var(--page-background-color)\">Las\/os integrantes de este grupo tambi\u00e9n participan&nbsp; en la L\u00ednea de Investigaci\u00f3n Pol\u00edticas Educativas, Cuerpo y Ense\u00f1anza (PECuE) perteneciente al Grupo Pol\u00edticas Educativas, Curr\u00edculo y Ense\u00f1anza (PECE) del Departamento de Ense\u00f1anza y Aprendizaje del Instituto de Educaci\u00f3n de la Facultad de Humanidades y Ciencias de la Educaci\u00f3n de la Universidad de la Rep\u00fablica (FHCE \u2013 Udelar).<\/span><br><\/p>\n<p><span style=\"font-weight: 400\">El Grupo PECUC inici\u00f3 su funcionamiento en el a\u00f1o 2010 y la L\u00ednea de Investigaci\u00f3n lo hizo en el a\u00f1o 2017.<\/span><\/p>\n<p><span style=\"font-weight: 400\">Ambos grupos est\u00e1n conformados por estudiantes de grado de ISEF y de la FHCE y estudiantes de posgrado de maestr\u00eda y doctorado de ISEF, de FHCE y de otras universidades con las que tenemos v\u00ednculos acad\u00e9micos. Muchos de las\/os integrantes son docentes de la Udelar, principalmente del N\u00facleo Educaci\u00f3n F\u00edsica, Cultura y Sociedad del Depto. Educaci\u00f3n F\u00edsica y Pr\u00e1cticas Corporales de ISEF y del Depto. de Ense\u00f1anza y Aprendizaje del Instituto de Educaci\u00f3n de la FHCE.<\/span><\/p>\n<p><span style=\"font-weight: 400\">El grupo se re\u00fane quincenalmente para la discusi\u00f3n y reflexi\u00f3n en torno a problem\u00e1ticas te\u00f3ricas y emp\u00edricas centrales en la modalidad de Seminario Interno, en donde se va definiendo una tem\u00e1tica y un conjunto de textos de forma anual. A su vez, se discuten los avances de las tesis de grado y posgrado de sus miembros; se elaboran proyectos de investigaci\u00f3n y extensi\u00f3n a fondos concursables a nivel nacional y se participa de proyectos y redes a nivel internacional. En este marco se elaboran diversos productos de investigaci\u00f3n (desde publicaciones en coautor\u00eda o individuales, libros, libros compilados, participaci\u00f3n en <\/span><i><span style=\"font-weight: 400\">dossiers<\/span><\/i><span style=\"font-weight: 400\"> en revistas acad\u00e9micas, ponencias en congresos, etc.).<\/span><\/p>\n<p><b>Principales tem\u00e1ticas de inter\u00e9s<\/b><\/p>\n<p><span style=\"font-weight: 400\">Se parte de una preocupaci\u00f3n centrada en el an\u00e1lisis de los modos de configuraci\u00f3n de la educaci\u00f3n y la ense\u00f1anza del cuerpo en las pol\u00edticas educativas y curriculares en el campo de la educaci\u00f3n y de la educaci\u00f3n f\u00edsica. Para esto se reconocen afectaciones<\/span><\/p>\n<p><span style=\"font-weight: 400\">te\u00f3ricas provenientes de la perspectiva del an\u00e1lisis de discurso del tercer P\u00eacheux, del an\u00e1lisis pol\u00edtico del discurso de Laclau y Mouffe, las afectaciones de la teor\u00eda psicoanal\u00edtica de Lacan a la teor\u00eda de la ense\u00f1anza; y las nociones de episteme, disciplinas, gubernamentalidad y subjetividad de Foucault.<\/span><\/p>\n<p><span style=\"font-weight: 400\">El grupo y la l\u00ednea articula tareas de investigaci\u00f3n, ense\u00f1anza, extensi\u00f3n y asesoramiento en el campo de estudio de la educaci\u00f3n organizado en tres l\u00edneas:<\/span><\/p>\n<ul>\n<li style=\"font-weight: 400\"><span style=\"font-weight: 400\">estudios historiogr\u00e1ficos sobre la educaci\u00f3n\/ense\u00f1anza del cuerpo en pol\u00edticas educativas y curriculares en el Uruguay tanto de ense\u00f1anza b\u00e1sica como superior (escolar y extraescolar)<\/span><\/li>\n<li style=\"font-weight: 400\"><span style=\"font-weight: 400\">estudios contempor\u00e1neos y de indagaci\u00f3n te\u00f3rica de pol\u00edticas en clave de educaci\u00f3n del cuerpo con \u00e9nfasis en pol\u00edticas educativas y curriculares<\/span><\/li>\n<li style=\"font-weight: 400\"><span style=\"font-weight: 400\">asesoramiento, diagn\u00f3stico y sistematizaci\u00f3n de programas, pol\u00edticas, instituciones y experiencias educativas en el Uruguay en torno a los siguientes tres ejes:<\/span><\/li>\n<\/ul>\n<ol>\n<li><span style=\"font-weight: 400\"> relaci\u00f3n cuerpo, educaci\u00f3n y ense\u00f1anza<\/span><\/li>\n<li><span style=\"font-weight: 400\"> curriculum y formaci\u00f3n docente<\/span><\/li>\n<li><span style=\"font-weight: 400\"> la educaci\u00f3n f\u00edsica y sus relaciones con el tiempo libre y el ocio, el deporte, la gimnasia y otras pr\u00e1cticas corporales<\/span><\/li>\n<\/ol>\t\t\t\t\t\t<\/div>\n\t\t\t\t<\/div>\n\t\t\t\t\t<\/div>\n\t\t<\/div>\n\t\t\t\t\t\t\t<\/div>\n\t\t<\/section>\n\t\t\t\t<section class=\"elementor-section elementor-top-section elementor-element elementor-element-609555e elementor-section-boxed elementor-section-height-default elementor-section-height-default\" data-id=\"609555e\" data-element_type=\"section\">\n\t\t\t\t\t\t<div class=\"elementor-container elementor-column-gap-default\">\n\t\t\t\t\t<div class=\"elementor-column elementor-col-25 elementor-top-column elementor-element elementor-element-5cb275f\" data-id=\"5cb275f\" data-element_type=\"column\">\n\t\t\t<div class=\"elementor-widget-wrap elementor-element-populated\">\n\t\t\t\t\t\t\t\t<div class=\"elementor-element elementor-element-e95b410 elementor-align-center elementor-widget elementor-widget-button\" data-id=\"e95b410\" data-element_type=\"widget\" data-widget_type=\"button.default\">\n\t\t\t\t<div class=\"elementor-widget-container\">\n\t\t\t\t\t<div class=\"elementor-button-wrapper\">\n\t\t\t<a href=\"https:\/\/fhce.edu.uy\/oded\/integrantes-pecuc\/\" class=\"elementor-button-link elementor-button elementor-size-xs\" role=\"button\">\n\t\t\t\t\t\t<span class=\"elementor-button-content-wrapper\">\n\t\t\t\t\t\t<span class=\"elementor-button-text\">INTEGRANTES<\/span>\n\t\t<\/span>\n\t\t\t\t\t<\/a>\n\t\t<\/div>\n\t\t\t\t<\/div>\n\t\t\t\t<\/div>\n\t\t\t\t\t<\/div>\n\t\t<\/div>\n\t\t\t\t<div class=\"elementor-column elementor-col-25 elementor-top-column elementor-element elementor-element-66fb88a\" data-id=\"66fb88a\" data-element_type=\"column\">\n\t\t\t<div class=\"elementor-widget-wrap elementor-element-populated\">\n\t\t\t\t\t\t\t\t<div class=\"elementor-element elementor-element-5fce221 elementor-align-center elementor-widget elementor-widget-button\" data-id=\"5fce221\" data-element_type=\"widget\" data-widget_type=\"button.default\">\n\t\t\t\t<div class=\"elementor-widget-container\">\n\t\t\t\t\t<div class=\"elementor-button-wrapper\">\n\t\t\t<a href=\"https:\/\/fhce.edu.uy\/oded\/actividades-pecuc\/\" class=\"elementor-button-link elementor-button elementor-size-xs\" role=\"button\">\n\t\t\t\t\t\t<span class=\"elementor-button-content-wrapper\">\n\t\t\t\t\t\t<span class=\"elementor-button-text\">ACTIVIDADES<\/span>\n\t\t<\/span>\n\t\t\t\t\t<\/a>\n\t\t<\/div>\n\t\t\t\t<\/div>\n\t\t\t\t<\/div>\n\t\t\t\t\t<\/div>\n\t\t<\/div>\n\t\t\t\t<div class=\"elementor-column elementor-col-25 elementor-top-column elementor-element elementor-element-e90da5a\" data-id=\"e90da5a\" data-element_type=\"column\">\n\t\t\t<div class=\"elementor-widget-wrap elementor-element-populated\">\n\t\t\t\t\t\t\t\t<div class=\"elementor-element elementor-element-1bc566e elementor-align-center elementor-widget elementor-widget-button\" data-id=\"1bc566e\" data-element_type=\"widget\" data-widget_type=\"button.default\">\n\t\t\t\t<div class=\"elementor-widget-container\">\n\t\t\t\t\t<div class=\"elementor-button-wrapper\">\n\t\t\t<a href=\"https:\/\/fhce.edu.uy\/oded\/publicaciones-pecuc\/\" class=\"elementor-button-link elementor-button elementor-size-xs\" role=\"button\">\n\t\t\t\t\t\t<span class=\"elementor-button-content-wrapper\">\n\t\t\t\t\t\t<span class=\"elementor-button-text\">BIBLIOGRAF\u00cdA<\/span>\n\t\t<\/span>\n\t\t\t\t\t<\/a>\n\t\t<\/div>\n\t\t\t\t<\/div>\n\t\t\t\t<\/div>\n\t\t\t\t\t<\/div>\n\t\t<\/div>\n\t\t\t\t<div class=\"elementor-column elementor-col-25 elementor-top-column elementor-element elementor-element-98e5d1b\" data-id=\"98e5d1b\" data-element_type=\"column\">\n\t\t\t<div class=\"elementor-widget-wrap elementor-element-populated\">\n\t\t\t\t\t\t\t\t<div class=\"elementor-element elementor-element-72d0057 elementor-align-center elementor-widget elementor-widget-button\" data-id=\"72d0057\" data-element_type=\"widget\" data-widget_type=\"button.default\">\n\t\t\t\t<div class=\"elementor-widget-container\">\n\t\t\t\t\t<div class=\"elementor-button-wrapper\">\n\t\t\t<a href=\"https:\/\/fhce.edu.uy\/oded\/multimedia_pecuc\/\" class=\"elementor-button-link elementor-button elementor-size-xs\" role=\"button\">\n\t\t\t\t\t\t<span class=\"elementor-button-content-wrapper\">\n\t\t\t\t\t\t<span class=\"elementor-button-text\">PUBLICACIONES EN ODED<\/span>\n\t\t<\/span>\n\t\t\t\t\t<\/a>\n\t\t<\/div>\n\t\t\t\t<\/div>\n\t\t\t\t<\/div>\n\t\t\t\t\t<\/div>\n\t\t<\/div>\n\t\t\t\t\t\t\t<\/div>\n\t\t<\/section>\n\t\t\t\t<section class=\"elementor-section elementor-top-section elementor-element elementor-element-e497e2e elementor-section-boxed elementor-section-height-default elementor-section-height-default\" data-id=\"e497e2e\" data-element_type=\"section\">\n\t\t\t\t\t\t<div class=\"elementor-container elementor-column-gap-default\">\n\t\t\t\t\t<div class=\"elementor-column elementor-col-100 elementor-top-column elementor-element elementor-element-ca934f6\" data-id=\"ca934f6\" data-element_type=\"column\">\n\t\t\t<div class=\"elementor-widget-wrap elementor-element-populated\">\n\t\t\t\t\t\t\t\t<div class=\"elementor-element elementor-element-513ab61 elementor-widget elementor-widget-spacer\" data-id=\"513ab61\" data-element_type=\"widget\" data-widget_type=\"spacer.default\">\n\t\t\t\t<div class=\"elementor-widget-container\">\n\t\t\t\t\t<div class=\"elementor-spacer\">\n\t\t\t<div class=\"elementor-spacer-inner\"><\/div>\n\t\t<\/div>\n\t\t\t\t<\/div>\n\t\t\t\t<\/div>\n\t\t\t\t\t<\/div>\n\t\t<\/div>\n\t\t\t\t\t\t\t<\/div>\n\t\t<\/section>\n\t\t\t\t<section class=\"elementor-section elementor-top-section elementor-element elementor-element-ca92c2e elementor-section-boxed elementor-section-height-default elementor-section-height-default\" data-id=\"ca92c2e\" data-element_type=\"section\">\n\t\t\t\t\t\t<div class=\"elementor-container elementor-column-gap-default\">\n\t\t\t\t\t<div class=\"elementor-column elementor-col-16 elementor-top-column elementor-element elementor-element-e149679\" data-id=\"e149679\" data-element_type=\"column\">\n\t\t\t<div class=\"elementor-widget-wrap elementor-element-populated\">\n\t\t\t\t\t\t\t\t<div class=\"elementor-element elementor-element-0cc1e40 elementor-button-info elementor-widget elementor-widget-button\" data-id=\"0cc1e40\" data-element_type=\"widget\" data-widget_type=\"button.default\">\n\t\t\t\t<div class=\"elementor-widget-container\">\n\t\t\t\t\t<div class=\"elementor-button-wrapper\">\n\t\t\t<a href=\"https:\/\/fhce.edu.uy\/oded\/pece\/\" class=\"elementor-button-link elementor-button elementor-size-sm\" role=\"button\">\n\t\t\t\t\t\t<span class=\"elementor-button-content-wrapper\">\n\t\t\t\t\t\t<span class=\"elementor-button-icon elementor-align-icon-left\">\n\t\t\t\t<i aria-hidden=\"true\" class=\"fas fa-arrow-circle-left\"><\/i>\t\t\t<\/span>\n\t\t\t\t\t\t<span class=\"elementor-button-text\">PECE<\/span>\n\t\t<\/span>\n\t\t\t\t\t<\/a>\n\t\t<\/div>\n\t\t\t\t<\/div>\n\t\t\t\t<\/div>\n\t\t\t\t\t<\/div>\n\t\t<\/div>\n\t\t\t\t<div class=\"elementor-column elementor-col-16 elementor-top-column elementor-element elementor-element-7c95013\" data-id=\"7c95013\" data-element_type=\"column\">\n\t\t\t<div class=\"elementor-widget-wrap\">\n\t\t\t\t\t\t\t\t\t<\/div>\n\t\t<\/div>\n\t\t\t\t<div class=\"elementor-column elementor-col-16 elementor-top-column elementor-element elementor-element-50d4b47\" data-id=\"50d4b47\" data-element_type=\"column\">\n\t\t\t<div class=\"elementor-widget-wrap\">\n\t\t\t\t\t\t\t\t\t<\/div>\n\t\t<\/div>\n\t\t\t\t<div class=\"elementor-column elementor-col-16 elementor-top-column elementor-element elementor-element-6f9b0a1\" data-id=\"6f9b0a1\" data-element_type=\"column\">\n\t\t\t<div class=\"elementor-widget-wrap\">\n\t\t\t\t\t\t\t\t\t<\/div>\n\t\t<\/div>\n\t\t\t\t<div class=\"elementor-column elementor-col-16 elementor-top-column elementor-element elementor-element-db29115\" data-id=\"db29115\" data-element_type=\"column\">\n\t\t\t<div class=\"elementor-widget-wrap\">\n\t\t\t\t\t\t\t\t\t<\/div>\n\t\t<\/div>\n\t\t\t\t<div class=\"elementor-column elementor-col-16 elementor-top-column elementor-element elementor-element-7fd0304\" data-id=\"7fd0304\" data-element_type=\"column\">\n\t\t\t<div class=\"elementor-widget-wrap elementor-element-populated\">\n\t\t\t\t\t\t\t\t<div class=\"elementor-element elementor-element-5114d1d elementor-button-info elementor-align-right elementor-widget elementor-widget-button\" data-id=\"5114d1d\" data-element_type=\"widget\" data-widget_type=\"button.default\">\n\t\t\t\t<div class=\"elementor-widget-container\">\n\t\t\t\t\t<div class=\"elementor-button-wrapper\">\n\t\t\t<a href=\"https:\/\/fhce.edu.uy\/oded\/coparticipes\/\" class=\"elementor-button-link elementor-button elementor-size-sm\" role=\"button\">\n\t\t\t\t\t\t<span class=\"elementor-button-content-wrapper\">\n\t\t\t\t\t\t<span class=\"elementor-button-icon elementor-align-icon-right\">\n\t\t\t\t<i aria-hidden=\"true\" class=\"fas fa-arrow-circle-right\"><\/i>\t\t\t<\/span>\n\t\t\t\t\t\t<span class=\"elementor-button-text\">Copart\u00edcipes<\/span>\n\t\t<\/span>\n\t\t\t\t\t<\/a>\n\t\t<\/div>\n\t\t\t\t<\/div>\n\t\t\t\t<\/div>\n\t\t\t\t\t<\/div>\n\t\t<\/div>\n\t\t\t\t\t\t\t<\/div>\n\t\t<\/section>\n\t\t\t\t\t\t<\/div>\n\t\t\t\t\t<\/div>\n\t\t","protected":false},"excerpt":{"rendered":"<p>Grupo pol\u00edticas educativas, cuerpo y curr\u00edculum El Grupo de Investigaci\u00f3n Pol\u00edticas Educativas, Cuerpo y Curriculum (PECUC) pertenece al N\u00facleo Educaci\u00f3n[&#8230;]<\/p>\n","protected":false},"author":1,"featured_media":0,"parent":0,"menu_order":0,"comment_status":"closed","ping_status":"closed","template":"","meta":{"_coblocks_attr":"","_coblocks_dimensions":"","_coblocks_responsive_height":"","_coblocks_accordion_ie_support":""},"_links":{"self":[{"href":"https:\/\/fhce.edu.uy\/oded\/wp-json\/wp\/v2\/pages\/93"}],"collection":[{"href":"https:\/\/fhce.edu.uy\/oded\/wp-json\/wp\/v2\/pages"}],"about":[{"href":"https:\/\/fhce.edu.uy\/oded\/wp-json\/wp\/v2\/types\/page"}],"author":[{"embeddable":true,"href":"https:\/\/fhce.edu.uy\/oded\/wp-json\/wp\/v2\/users\/1"}],"replies":[{"embeddable":true,"href":"https:\/\/fhce.edu.uy\/oded\/wp-json\/wp\/v2\/comments?post=93"}],"version-history":[{"count":50,"href":"https:\/\/fhce.edu.uy\/oded\/wp-json\/wp\/v2\/pages\/93\/revisions"}],"predecessor-version":[{"id":4918,"href":"https:\/\/fhce.edu.uy\/oded\/wp-json\/wp\/v2\/pages\/93\/revisions\/4918"}],"wp:attachment":[{"href":"https:\/\/fhce.edu.uy\/oded\/wp-json\/wp\/v2\/media?parent=93"}],"curies":[{"name":"wp","href":"https:\/\/api.w.org\/{rel}","templated":true}]}}