{"id":39,"date":"2021-11-03T23:50:35","date_gmt":"2021-11-04T02:50:35","guid":{"rendered":"https:\/\/fhce.edu.uy\/oded\/?page_id=39"},"modified":"2023-03-10T19:57:38","modified_gmt":"2023-03-10T22:57:38","slug":"pece","status":"publish","type":"page","link":"https:\/\/fhce.edu.uy\/oded\/pece\/","title":{"rendered":"PECE"},"content":{"rendered":"\t\t<div data-elementor-type=\"wp-page\" data-elementor-id=\"39\" class=\"elementor elementor-39\" data-elementor-settings=\"[]\">\n\t\t\t\t\t\t\t<div class=\"elementor-section-wrap\">\n\t\t\t\t\t\t\t<section class=\"elementor-section elementor-top-section elementor-element elementor-element-8d1cd27 elementor-section-boxed elementor-section-height-default elementor-section-height-default\" data-id=\"8d1cd27\" data-element_type=\"section\">\n\t\t\t\t\t\t<div class=\"elementor-container elementor-column-gap-default\">\n\t\t\t\t\t<div class=\"elementor-column elementor-col-100 elementor-top-column elementor-element elementor-element-58a4af1\" data-id=\"58a4af1\" data-element_type=\"column\">\n\t\t\t<div class=\"elementor-widget-wrap elementor-element-populated\">\n\t\t\t\t\t\t\t\t<div class=\"elementor-element elementor-element-113806c elementor-widget elementor-widget-text-editor\" data-id=\"113806c\" data-element_type=\"widget\" data-widget_type=\"text-editor.default\">\n\t\t\t\t<div class=\"elementor-widget-container\">\n\t\t\t\t\t\t\t<p><strong>Pol\u00edticas Educativas, curr\u00edculum y ense\u00f1anza<\/strong><\/p>\t\t\t\t\t\t<\/div>\n\t\t\t\t<\/div>\n\t\t\t\t\t<\/div>\n\t\t<\/div>\n\t\t\t\t\t\t\t<\/div>\n\t\t<\/section>\n\t\t\t\t<section class=\"elementor-section elementor-top-section elementor-element elementor-element-d7f325a elementor-section-boxed elementor-section-height-default elementor-section-height-default\" data-id=\"d7f325a\" data-element_type=\"section\">\n\t\t\t\t\t\t<div class=\"elementor-container elementor-column-gap-default\">\n\t\t\t\t\t<div class=\"elementor-column elementor-col-66 elementor-top-column elementor-element elementor-element-1153bb2\" data-id=\"1153bb2\" data-element_type=\"column\">\n\t\t\t<div class=\"elementor-widget-wrap elementor-element-populated\">\n\t\t\t\t\t\t\t\t<div class=\"elementor-element elementor-element-f54d793 elementor-widget elementor-widget-text-editor\" data-id=\"f54d793\" data-element_type=\"widget\" data-widget_type=\"text-editor.default\">\n\t\t\t\t<div class=\"elementor-widget-container\">\n\t\t\t\t\t\t\t<p>La l\u00ednea de investigaci\u00f3n Pol\u00edticas Educativas, Curriculum y Ense\u00f1anza (PECE) se inscribe en el Departamento de Ense\u00f1anza y Aprendizaje del Instituto de Educaci\u00f3n de la FHCE.&nbsp;<\/p><p><span style=\"background-color: var(--page-background-color)\">El \u00e1rea de indagaci\u00f3n, te\u00f3rico y emp\u00edrico, se configura en un enclave interdisciplinario en torno a las posiciones de los sujetos de la educaci\u00f3n, los docentes y las interrelaciones con el saber \u2013 conocimiento en los procesos de distribuci\u00f3n y recreaci\u00f3n de la cultura. Asimismo, en los \u00faltimos a\u00f1os se han abordado estos procesos en el marco de las \u201cnuevas\u201d y \u201cviejas\u201d (o estructurales) desigualdades educativas y sociales.<\/span><\/p>\t\t\t\t\t\t<\/div>\n\t\t\t\t<\/div>\n\t\t\t\t<div class=\"elementor-element elementor-element-6a47cdd elementor-widget elementor-widget-text-editor\" data-id=\"6a47cdd\" data-element_type=\"widget\" data-widget_type=\"text-editor.default\">\n\t\t\t\t<div class=\"elementor-widget-container\">\n\t\t\t\t\t\t\t<p><span style=\"font-weight: 400\">El anclaje interdisciplinar se ubica en torno a los campos de conocimiento vinculados a la ense\u00f1anza, a lo did\u00e1ctico, a lo curricular y a las pol\u00edticas educativas desarrolladas en contextos diversos y de desigualdades.<\/span><\/p><ul>\n<\/ul>\t\t\t\t\t\t<\/div>\n\t\t\t\t<\/div>\n\t\t\t\t\t<\/div>\n\t\t<\/div>\n\t\t\t\t<div class=\"elementor-column elementor-col-33 elementor-top-column elementor-element elementor-element-3dc792c\" data-id=\"3dc792c\" data-element_type=\"column\">\n\t\t\t<div class=\"elementor-widget-wrap elementor-element-populated\">\n\t\t\t\t\t\t\t\t<div class=\"elementor-element elementor-element-db12611 elementor-widget elementor-widget-image\" data-id=\"db12611\" data-element_type=\"widget\" data-widget_type=\"image.default\">\n\t\t\t\t<div class=\"elementor-widget-container\">\n\t\t\t\t\t\t\t\t\t\t\t\t\t\t\t\t<a href=\"https:\/\/www.youtube.com\/watch?v=9asEvXooYn0\">\n\t\t\t\t\t\t\t<img decoding=\"async\" width=\"576\" height=\"1024\" src=\"https:\/\/fhce.edu.uy\/oded\/wp-content\/uploads\/sites\/3\/2022\/08\/portaDA_PECE.jpg\" class=\"attachment-large size-large\" alt=\"\" loading=\"lazy\" \/>\t\t\t\t\t\t\t\t<\/a>\n\t\t\t\t\t\t\t\t\t\t\t\t\t\t\t<\/div>\n\t\t\t\t<\/div>\n\t\t\t\t\t<\/div>\n\t\t<\/div>\n\t\t\t\t\t\t\t<\/div>\n\t\t<\/section>\n\t\t\t\t<section class=\"elementor-section elementor-top-section elementor-element elementor-element-453a376 elementor-section-boxed elementor-section-height-default elementor-section-height-default\" data-id=\"453a376\" data-element_type=\"section\">\n\t\t\t\t\t\t<div class=\"elementor-container elementor-column-gap-default\">\n\t\t\t\t\t<div class=\"elementor-column elementor-col-100 elementor-top-column elementor-element elementor-element-660b9ea\" data-id=\"660b9ea\" data-element_type=\"column\">\n\t\t\t<div class=\"elementor-widget-wrap elementor-element-populated\">\n\t\t\t\t\t\t\t\t<div class=\"elementor-element elementor-element-caac63d elementor-widget elementor-widget-text-editor\" data-id=\"caac63d\" data-element_type=\"widget\" data-widget_type=\"text-editor.default\">\n\t\t\t\t<div class=\"elementor-widget-container\">\n\t\t\t\t\t\t\t<p><span style=\"font-weight: 400\">El anclaje interdisciplinar se ubica en torno a los campos de conocimiento vinculados a la ense\u00f1anza, a lo did\u00e1ctico, a lo curricular y a las pol\u00edticas educativas desarrolladas en contextos diversos y de desigualdades.<\/span><\/p><p><span style=\"font-weight: 400\">Emp\u00edricamente, se estudian las formas escolares, los dispositivos pedag\u00f3gicos y curriculares modernos, as\u00ed como la formaci\u00f3n docente en los discursos educativos desde una perspectiva cr\u00edtica que abreva en diversas tradiciones post-estructuralistas de las\u00a0<\/span><span style=\"background-color: var(--page-background-color)\">ciencias humanas y que se distancia de los enfoques predominantemente t\u00e9cnicos de lo educativa.<\/span><\/p><p><b>Los ejes de trabajo de PECE, actualmente, son dos:<\/b><\/p><p><span style=\"font-weight: 400\">a) Formas escolares y pol\u00edticas de inclusi\u00f3n;<br \/><\/span><span style=\"font-weight: 400\">b) Estudios curriculares y de la relaci\u00f3n pedag\u00f3gica.<\/span><\/p><p><span style=\"font-weight: 400\">Desde el a\u00f1o 2019, la l\u00ednea PECE junto al \u201cGrupo de Estudios en Pol\u00edticas Educativas\u201d (GEPPrEd) coordinado por el Prof. Pablo Martinis, la l\u00ednea \u201cPol\u00edticas Educativas, Cuerpo y Ense\u00f1anza\u201d coordinada por la Prof. Paola Dogliotti y la l\u00ednea \u201cAlteraciones a la forma escolar y producci\u00f3n de pol\u00edticas desde la experiencia pedag\u00f3gica\u201d coordinada por el Prof. Felipe Stevenazzi llevan adelante un Programa de Investigaci\u00f3n: \u201cFormas escolares y posiciones docentes en la producci\u00f3n del derecho a la igualdad en el Uruguay actual\u201d en el per\u00edodo 2019 \u2013 2023 (Llamado Grupos CSIC 2018).<\/span><\/p><p><b>Los objetivos del Programa de Investigaci\u00f3n son:<\/b><\/p><p><span style=\"background-color: var(--page-background-color)\"><strong>Objetivo General del Programa.\u00a0<\/strong><\/span><\/p><p><span style=\"background-color: var(--page-background-color)\">Producir conocimientos en torno a las formas escolares y las posiciones que asumen los docentes en educaci\u00f3n primaria y media b\u00e1sica en Uruguay, focalizando en el an\u00e1lisis de las pol\u00edticas de inclusi\u00f3n educativa y experiencias desarrolladas por colectivos docentes que apuntan a la efectivizaci\u00f3n del derecho a la educaci\u00f3n.<\/span><\/p><p><span style=\"font-weight: 400\"><strong>Objetivos espec\u00edficos.<\/strong><br \/><\/span><\/p><ul><li><span style=\"background-color: var(--page-background-color)\">Indagar acerca de los modos en que las pol\u00edticas de inclusi\u00f3n educativa afectan y\/o ponen en tensi\u00f3n componentes de las formas escolares en la \u00faltima d\u00e9cada.\u00a0<\/span><\/li><li><span style=\"background-color: var(--page-background-color)\">Caracterizar y analizar las alteraciones a las formas escolares desarrolladas por los colectivos docentes a nivel de centros que promueven mayores niveles de inclusi\u00f3n educativa en el \u00faltimo lustro en educaci\u00f3n primaria y media b\u00e1sica.<\/span><\/li><li><span style=\"background-color: var(--page-background-color)\">Indagar en qu\u00e9 medida las alteraciones producidas por los colectivos docentes pueden ser visualizadas cono experiencias fragmentarias o si es posible concebirlas como producci\u00f3n de un movimiento m\u00e1s amplio que interrogue, afecte y\/o ponga en tensi\u00f3n a las formas escolares.<\/span><\/li><li><span style=\"background-color: var(--page-background-color)\">Analizar las posiciones que asumen los docentes ante los problemas de extra-edad, desafiliaci\u00f3n y aprendizajes de baja intensidad existentes en educaci\u00f3n primaria, y media b\u00e1sica, as\u00ed como ante las propuestas de inclusi\u00f3n impulsadas por las autoridades y las desarrolladas por los colectivos docentes.<\/span><\/li><li><span style=\"background-color: var(--page-background-color)\">Articular en las l\u00edneas de investigaci\u00f3n del programa la formaci\u00f3n de j\u00f3venes investigadores que integran los equipos y fortalecer el trabajo colaborativo con los grupos acad\u00e9micos regionales e internacionales asociados.<\/span><\/li><li><span style=\"background-color: var(--page-background-color)\">Integrar los hallazgos de investigaci\u00f3n en la ense\u00f1anza de grado y postgrado, en las actividades de asistencia t\u00e9cnica y en las tareas de extensi\u00f3n y actividades en el medio.<\/span><\/li><\/ul><p><b>Nexos internacionales acad\u00e9micos:<\/b><\/p><ul><li><span style=\"background-color: var(--page-background-color)\">Integrante del Grupo de trabajo de CLACSO: \u201cPol\u00edticas educativas y derecho a la educaci\u00f3n\u201d.<\/span><\/li><li><span style=\"background-color: var(--page-background-color)\">Incorporado al Programa de \u201cPol\u00edticas Educativas del N\u00facleo Educaci\u00f3n para la Integraci\u00f3n\u201d de AUGM.<\/span><\/li><li><span style=\"background-color: var(--page-background-color)\">Coordinaci\u00f3n acad\u00e9mica con la Red ESTRADO, Red de Estudios sobre Trabajo Docente.<\/span><\/li><li><span style=\"background-color: var(--page-background-color)\">Programa Asociado a la Red \u201cEducaci\u00f3n, Gobierno e Instituciones en Contextos Diversos.\u201d<\/span><\/li><li><span style=\"background-color: var(--page-background-color)\">\u201cDiversificaci\u00f3n y diferenciaci\u00f3n institucional de la formaci\u00f3n de los docentes en el Nivel Superior del MERCOSUR. Hacia una perspectiva comparada para la construcci\u00f3n regional\u201d, integrada por: UFMG, UNIPE, ULP, Universidad de C\u00f3rdoba y UdelaR.<\/span><\/li><\/ul>\t\t\t\t\t\t<\/div>\n\t\t\t\t<\/div>\n\t\t\t\t\t<\/div>\n\t\t<\/div>\n\t\t\t\t\t\t\t<\/div>\n\t\t<\/section>\n\t\t\t\t<section class=\"elementor-section elementor-top-section elementor-element elementor-element-8214adc elementor-section-boxed elementor-section-height-default elementor-section-height-default\" data-id=\"8214adc\" data-element_type=\"section\">\n\t\t\t\t\t\t<div class=\"elementor-container elementor-column-gap-default\">\n\t\t\t\t\t<div class=\"elementor-column elementor-col-50 elementor-top-column elementor-element elementor-element-b8af538\" data-id=\"b8af538\" data-element_type=\"column\">\n\t\t\t<div class=\"elementor-widget-wrap elementor-element-populated\">\n\t\t\t\t\t\t\t\t<div class=\"elementor-element elementor-element-2b1e817 elementor-align-center elementor-widget elementor-widget-button\" data-id=\"2b1e817\" data-element_type=\"widget\" data-widget_type=\"button.default\">\n\t\t\t\t<div class=\"elementor-widget-container\">\n\t\t\t\t\t<div class=\"elementor-button-wrapper\">\n\t\t\t<a href=\"https:\/\/fhce.edu.uy\/oded\/integrantes-pece\/\" class=\"elementor-button-link elementor-button elementor-size-xs\" role=\"button\">\n\t\t\t\t\t\t<span class=\"elementor-button-content-wrapper\">\n\t\t\t\t\t\t<span class=\"elementor-button-text\">INTEGRANTES<\/span>\n\t\t<\/span>\n\t\t\t\t\t<\/a>\n\t\t<\/div>\n\t\t\t\t<\/div>\n\t\t\t\t<\/div>\n\t\t\t\t\t<\/div>\n\t\t<\/div>\n\t\t\t\t<div class=\"elementor-column elementor-col-50 elementor-top-column elementor-element elementor-element-ddcb39b\" data-id=\"ddcb39b\" data-element_type=\"column\">\n\t\t\t<div class=\"elementor-widget-wrap elementor-element-populated\">\n\t\t\t\t\t\t\t\t<div class=\"elementor-element elementor-element-367eb7a elementor-align-center elementor-widget elementor-widget-button\" data-id=\"367eb7a\" data-element_type=\"widget\" data-widget_type=\"button.default\">\n\t\t\t\t<div class=\"elementor-widget-container\">\n\t\t\t\t\t<div class=\"elementor-button-wrapper\">\n\t\t\t<a href=\"https:\/\/fhce.edu.uy\/oded\/publicaciones-pece\/\" class=\"elementor-button-link elementor-button elementor-size-xs\" role=\"button\">\n\t\t\t\t\t\t<span class=\"elementor-button-content-wrapper\">\n\t\t\t\t\t\t<span class=\"elementor-button-text\">BIBILIOGRAF\u00cdA<\/span>\n\t\t<\/span>\n\t\t\t\t\t<\/a>\n\t\t<\/div>\n\t\t\t\t<\/div>\n\t\t\t\t<\/div>\n\t\t\t\t\t<\/div>\n\t\t<\/div>\n\t\t\t\t\t\t\t<\/div>\n\t\t<\/section>\n\t\t\t\t<section class=\"elementor-section elementor-top-section elementor-element elementor-element-4a850c5 elementor-section-boxed elementor-section-height-default elementor-section-height-default\" data-id=\"4a850c5\" data-element_type=\"section\">\n\t\t\t\t\t\t<div class=\"elementor-container elementor-column-gap-default\">\n\t\t\t\t\t<div class=\"elementor-column elementor-col-100 elementor-top-column elementor-element elementor-element-ef0bd65\" data-id=\"ef0bd65\" data-element_type=\"column\">\n\t\t\t<div class=\"elementor-widget-wrap elementor-element-populated\">\n\t\t\t\t\t\t\t\t<div class=\"elementor-element elementor-element-8824782 elementor-widget elementor-widget-spacer\" data-id=\"8824782\" data-element_type=\"widget\" data-widget_type=\"spacer.default\">\n\t\t\t\t<div class=\"elementor-widget-container\">\n\t\t\t\t\t<div class=\"elementor-spacer\">\n\t\t\t<div class=\"elementor-spacer-inner\"><\/div>\n\t\t<\/div>\n\t\t\t\t<\/div>\n\t\t\t\t<\/div>\n\t\t\t\t\t<\/div>\n\t\t<\/div>\n\t\t\t\t\t\t\t<\/div>\n\t\t<\/section>\n\t\t\t\t<section class=\"elementor-section elementor-top-section elementor-element elementor-element-dca5538 elementor-section-boxed elementor-section-height-default elementor-section-height-default\" data-id=\"dca5538\" data-element_type=\"section\">\n\t\t\t\t\t\t<div class=\"elementor-container elementor-column-gap-default\">\n\t\t\t\t\t<div class=\"elementor-column elementor-col-16 elementor-top-column elementor-element elementor-element-dcffcf2\" data-id=\"dcffcf2\" data-element_type=\"column\">\n\t\t\t<div class=\"elementor-widget-wrap elementor-element-populated\">\n\t\t\t\t\t\t\t\t<div class=\"elementor-element elementor-element-3409a05 elementor-button-info elementor-widget elementor-widget-button\" data-id=\"3409a05\" data-element_type=\"widget\" data-widget_type=\"button.default\">\n\t\t\t\t<div class=\"elementor-widget-container\">\n\t\t\t\t\t<div class=\"elementor-button-wrapper\">\n\t\t\t<a href=\"https:\/\/fhce.edu.uy\/oded\/historia-de-la-educacion\/\" class=\"elementor-button-link elementor-button elementor-size-md elementor-animation-grow\" role=\"button\">\n\t\t\t\t\t\t<span class=\"elementor-button-content-wrapper\">\n\t\t\t\t\t\t<span class=\"elementor-button-icon elementor-align-icon-left\">\n\t\t\t\t<i aria-hidden=\"true\" class=\"fas fa-arrow-circle-left\"><\/i>\t\t\t<\/span>\n\t\t\t\t\t\t<span class=\"elementor-button-text\">Historia de la Educaci\u00f3n<\/span>\n\t\t<\/span>\n\t\t\t\t\t<\/a>\n\t\t<\/div>\n\t\t\t\t<\/div>\n\t\t\t\t<\/div>\n\t\t\t\t\t<\/div>\n\t\t<\/div>\n\t\t\t\t<div class=\"elementor-column elementor-col-16 elementor-top-column elementor-element elementor-element-1926f00\" data-id=\"1926f00\" data-element_type=\"column\">\n\t\t\t<div class=\"elementor-widget-wrap\">\n\t\t\t\t\t\t\t\t\t<\/div>\n\t\t<\/div>\n\t\t\t\t<div class=\"elementor-column elementor-col-16 elementor-top-column elementor-element elementor-element-164a489\" data-id=\"164a489\" data-element_type=\"column\">\n\t\t\t<div class=\"elementor-widget-wrap\">\n\t\t\t\t\t\t\t\t\t<\/div>\n\t\t<\/div>\n\t\t\t\t<div class=\"elementor-column elementor-col-16 elementor-top-column elementor-element elementor-element-ee22e47\" data-id=\"ee22e47\" data-element_type=\"column\">\n\t\t\t<div class=\"elementor-widget-wrap\">\n\t\t\t\t\t\t\t\t\t<\/div>\n\t\t<\/div>\n\t\t\t\t<div class=\"elementor-column elementor-col-16 elementor-top-column elementor-element elementor-element-feb9a6d\" data-id=\"feb9a6d\" data-element_type=\"column\">\n\t\t\t<div class=\"elementor-widget-wrap\">\n\t\t\t\t\t\t\t\t\t<\/div>\n\t\t<\/div>\n\t\t\t\t<div class=\"elementor-column elementor-col-16 elementor-top-column elementor-element elementor-element-d4b4fc4\" data-id=\"d4b4fc4\" data-element_type=\"column\">\n\t\t\t<div class=\"elementor-widget-wrap elementor-element-populated\">\n\t\t\t\t\t\t\t\t<div class=\"elementor-element elementor-element-6bf1176 elementor-button-info elementor-align-left elementor-widget elementor-widget-button\" data-id=\"6bf1176\" data-element_type=\"widget\" data-widget_type=\"button.default\">\n\t\t\t\t<div class=\"elementor-widget-container\">\n\t\t\t\t\t<div class=\"elementor-button-wrapper\">\n\t\t\t<a href=\"https:\/\/fhce.edu.uy\/oded\/pecuc\/\" class=\"elementor-button-link elementor-button elementor-size-md elementor-animation-grow\" role=\"button\">\n\t\t\t\t\t\t<span class=\"elementor-button-content-wrapper\">\n\t\t\t\t\t\t<span class=\"elementor-button-icon elementor-align-icon-right\">\n\t\t\t\t<i aria-hidden=\"true\" class=\"fas fa-arrow-circle-right\"><\/i>\t\t\t<\/span>\n\t\t\t\t\t\t<span class=\"elementor-button-text\">PECUC<\/span>\n\t\t<\/span>\n\t\t\t\t\t<\/a>\n\t\t<\/div>\n\t\t\t\t<\/div>\n\t\t\t\t<\/div>\n\t\t\t\t\t<\/div>\n\t\t<\/div>\n\t\t\t\t\t\t\t<\/div>\n\t\t<\/section>\n\t\t\t\t\t\t<\/div>\n\t\t\t\t\t<\/div>\n\t\t","protected":false},"excerpt":{"rendered":"<p>Pol\u00edticas Educativas, curr\u00edculum y ense\u00f1anza La l\u00ednea de investigaci\u00f3n Pol\u00edticas Educativas, Curriculum y Ense\u00f1anza (PECE) se inscribe en el Departamento[&#8230;]<\/p>\n","protected":false},"author":1,"featured_media":0,"parent":0,"menu_order":0,"comment_status":"closed","ping_status":"closed","template":"","meta":{"_coblocks_attr":"","_coblocks_dimensions":"","_coblocks_responsive_height":"","_coblocks_accordion_ie_support":""},"_links":{"self":[{"href":"https:\/\/fhce.edu.uy\/oded\/wp-json\/wp\/v2\/pages\/39"}],"collection":[{"href":"https:\/\/fhce.edu.uy\/oded\/wp-json\/wp\/v2\/pages"}],"about":[{"href":"https:\/\/fhce.edu.uy\/oded\/wp-json\/wp\/v2\/types\/page"}],"author":[{"embeddable":true,"href":"https:\/\/fhce.edu.uy\/oded\/wp-json\/wp\/v2\/users\/1"}],"replies":[{"embeddable":true,"href":"https:\/\/fhce.edu.uy\/oded\/wp-json\/wp\/v2\/comments?post=39"}],"version-history":[{"count":61,"href":"https:\/\/fhce.edu.uy\/oded\/wp-json\/wp\/v2\/pages\/39\/revisions"}],"predecessor-version":[{"id":4927,"href":"https:\/\/fhce.edu.uy\/oded\/wp-json\/wp\/v2\/pages\/39\/revisions\/4927"}],"wp:attachment":[{"href":"https:\/\/fhce.edu.uy\/oded\/wp-json\/wp\/v2\/media?parent=39"}],"curies":[{"name":"wp","href":"https:\/\/api.w.org\/{rel}","templated":true}]}}