{"id":534,"date":"2021-02-24T05:26:52","date_gmt":"2021-02-24T05:26:52","guid":{"rendered":"https:\/\/fhce.edu.uy\/montevideana\/sobre-montevideana\/"},"modified":"2021-06-17T15:52:19","modified_gmt":"2021-06-17T18:52:19","slug":"sobre-montevideana","status":"publish","type":"page","link":"https:\/\/fhce.edu.uy\/montevideana\/sobre-montevideana\/","title":{"rendered":"Sobre Montevideana"},"content":{"rendered":"\t\t<div data-elementor-type=\"wp-page\" data-elementor-id=\"534\" class=\"elementor elementor-534\" data-elementor-settings=\"[]\">\n\t\t\t\t\t\t\t<div class=\"elementor-section-wrap\">\n\t\t\t\t\t\t\t<section class=\"elementor-section elementor-top-section elementor-element elementor-element-7412e673 elementor-section-boxed elementor-section-height-default elementor-section-height-default\" data-id=\"7412e673\" data-element_type=\"section\" data-settings=\"{&quot;background_background&quot;:&quot;classic&quot;}\">\n\t\t\t\t\t\t\t<div class=\"elementor-background-overlay\"><\/div>\n\t\t\t\t\t\t\t<div class=\"elementor-container elementor-column-gap-no\">\n\t\t\t\t\t<div class=\"elementor-column elementor-col-100 elementor-top-column elementor-element elementor-element-93d22d0\" data-id=\"93d22d0\" data-element_type=\"column\">\n\t\t\t<div class=\"elementor-widget-wrap elementor-element-populated\">\n\t\t\t\t\t\t\t\t<div class=\"elementor-element elementor-element-745137ac elementor-widget elementor-widget-heading\" data-id=\"745137ac\" data-element_type=\"widget\" data-widget_type=\"heading.default\">\n\t\t\t\t<div class=\"elementor-widget-container\">\n\t\t\t<h1 class=\"elementor-heading-title elementor-size-default\">Sobre Montevideana<\/h1>\t\t<\/div>\n\t\t\t\t<\/div>\n\t\t\t\t\t<\/div>\n\t\t<\/div>\n\t\t\t\t\t\t\t<\/div>\n\t\t<\/section>\n\t\t\t\t<section class=\"elementor-section elementor-top-section elementor-element elementor-element-69c86dcc elementor-section-boxed elementor-section-height-default elementor-section-height-default\" data-id=\"69c86dcc\" data-element_type=\"section\">\n\t\t\t\t\t\t<div class=\"elementor-container elementor-column-gap-no\">\n\t\t\t\t\t<div class=\"elementor-column elementor-col-100 elementor-top-column elementor-element elementor-element-12ae27a8\" data-id=\"12ae27a8\" data-element_type=\"column\">\n\t\t\t<div class=\"elementor-widget-wrap elementor-element-populated\">\n\t\t\t\t\t\t\t\t<section class=\"elementor-section elementor-inner-section elementor-element elementor-element-5cc33e5b elementor-section-boxed elementor-section-height-default elementor-section-height-default\" data-id=\"5cc33e5b\" data-element_type=\"section\">\n\t\t\t\t\t\t<div class=\"elementor-container elementor-column-gap-no\">\n\t\t\t\t\t<div class=\"elementor-column elementor-col-50 elementor-inner-column elementor-element elementor-element-2adcbc66\" data-id=\"2adcbc66\" data-element_type=\"column\">\n\t\t\t<div class=\"elementor-widget-wrap elementor-element-populated\">\n\t\t\t\t\t\t\t\t<div class=\"elementor-element elementor-element-655ab007 elementor-widget elementor-widget-heading\" data-id=\"655ab007\" data-element_type=\"widget\" data-widget_type=\"heading.default\">\n\t\t\t\t<div class=\"elementor-widget-container\">\n\t\t\t<h2 class=\"elementor-heading-title elementor-size-default\">Desde el a\u00f1o 2003 el Departamento de Letras Modernas de la Facultad de Humanidades y Ciencias de la Educaci\u00f3n de la Universidad de la Rep\u00fablica ha organizado una serie de encuentros internacionales que, con el t\u00edtulo general de \u201cMontevideana\u201d,  tienen como cometido reflexionar sobre las relaciones literarias y culturales entre Uruguay y Am\u00e9rica Latina, por un lado, y \u00e1mbitos europeos y norteamericanos por el otro. <\/h2>\t\t<\/div>\n\t\t\t\t<\/div>\n\t\t\t\t\t<\/div>\n\t\t<\/div>\n\t\t\t\t<div class=\"elementor-column elementor-col-50 elementor-inner-column elementor-element elementor-element-1fad80a\" data-id=\"1fad80a\" data-element_type=\"column\">\n\t\t\t<div class=\"elementor-widget-wrap elementor-element-populated\">\n\t\t\t\t\t\t\t\t<div class=\"elementor-element elementor-element-4065e6f9 elementor-arrows-position-inside elementor-widget elementor-widget-image-carousel\" data-id=\"4065e6f9\" data-element_type=\"widget\" data-settings=\"{&quot;slides_to_show&quot;:&quot;1&quot;,&quot;navigation&quot;:&quot;arrows&quot;,&quot;autoplay&quot;:&quot;yes&quot;,&quot;pause_on_hover&quot;:&quot;yes&quot;,&quot;pause_on_interaction&quot;:&quot;yes&quot;,&quot;autoplay_speed&quot;:5000,&quot;infinite&quot;:&quot;yes&quot;,&quot;effect&quot;:&quot;slide&quot;,&quot;speed&quot;:500}\" data-widget_type=\"image-carousel.default\">\n\t\t\t\t<div class=\"elementor-widget-container\">\n\t\t\t\t\t<div class=\"elementor-image-carousel-wrapper swiper-container\" dir=\"ltr\">\n\t\t\t<div class=\"elementor-image-carousel swiper-wrapper\">\n\t\t\t\t\t\t\t\t<div class=\"swiper-slide\"><figure class=\"swiper-slide-inner\"><img decoding=\"async\" class=\"swiper-slide-image\" src=\"https:\/\/fhce.edu.uy\/montevideana\/wp-content\/uploads\/sites\/2\/2021\/05\/Portada-Lautreamont-207x300.jpg\" alt=\"Portada-Lautreamont-207x300\" \/><\/figure><\/div><div class=\"swiper-slide\"><figure class=\"swiper-slide-inner\"><img decoding=\"async\" class=\"swiper-slide-image\" src=\"https:\/\/fhce.edu.uy\/montevideana\/wp-content\/uploads\/sites\/2\/2021\/06\/Portada-Vanguardias.jpg\" alt=\"Portada-Vanguardias\" \/><\/figure><\/div><div class=\"swiper-slide\"><figure class=\"swiper-slide-inner\"><img decoding=\"async\" class=\"swiper-slide-image\" src=\"https:\/\/fhce.edu.uy\/montevideana\/wp-content\/uploads\/sites\/2\/2021\/05\/Portada-cervantes-shakespeare.jpg\" alt=\"Portada-cervantes-shakespeare\" \/><\/figure><\/div>\t\t\t<\/div>\n\t\t\t\t\t\t\t\t\t\t\t\t\t\t\t\t<div class=\"elementor-swiper-button elementor-swiper-button-prev\">\n\t\t\t\t\t\t<i aria-hidden=\"true\" class=\"eicon-chevron-left\"><\/i>\t\t\t\t\t\t<span class=\"elementor-screen-only\">Previous<\/span>\n\t\t\t\t\t<\/div>\n\t\t\t\t\t<div class=\"elementor-swiper-button elementor-swiper-button-next\">\n\t\t\t\t\t\t<i aria-hidden=\"true\" class=\"eicon-chevron-right\"><\/i>\t\t\t\t\t\t<span class=\"elementor-screen-only\">Next<\/span>\n\t\t\t\t\t<\/div>\n\t\t\t\t\t\t\t\t\t<\/div>\n\t\t\t\t<\/div>\n\t\t\t\t<\/div>\n\t\t\t\t\t<\/div>\n\t\t<\/div>\n\t\t\t\t\t\t\t<\/div>\n\t\t<\/section>\n\t\t\t\t<div class=\"elementor-element elementor-element-287add1f elementor-widget elementor-widget-text-editor\" data-id=\"287add1f\" data-element_type=\"widget\" data-widget_type=\"text-editor.default\">\n\t\t\t\t<div class=\"elementor-widget-container\">\n\t\t\t\t\t\t\t<p>La modalidad de trabajo que se ha mantenido en <em>Montevideana <\/em><strong><a href=\"\/montevideana\/#ediciones\" target=\"_blank\" rel=\"noopener\">desde su inicio en 2003<\/a><\/strong>, ha sido la de combinar la especificidad del tema con una transversalidad disciplinaria as\u00ed como con una impronta te\u00f3rica. El conjunto de investigadores que han participado de los encuentros <em>Montevideana<\/em> son especialistas en los autores y temas que se propusieron a lo largo de estos a\u00f1os, como tambi\u00e9n de la literatura comparada, y de otras disciplinas cuyas investigaciones tienen un v\u00ednculo relevante con las relaciones entre los temas elegidos para los coloquios y Am\u00e9rica Latina; de hecho, varios de los investigadores participantes en estos intercambios son especialistas latinoamericanos en diversas vertientes de las literaturas y culturas que estudian los coloquios en relaci\u00f3n con las locales. De fundamental importancia para estos encuentros ha sido la presencia\u00a0 en Montevideo de conferencistas reconocidos internacionalmente como especialistas en los distintos temas y autores, quienes, provenientes de Gran Breta\u00f1a, Estados Unidos, Canad\u00e1, Francia y Espa\u00f1a han aportado a los f\u00e9rtiles di\u00e1logos transhemisf\u00e9ricos que son ya impronta de los coloquios, y con quienes se han establecido canales de intercambios tanto para docentes como para estudiantes, seminarios internacionales en Montevideo y en el exterior, publicaciones y proyectos en com\u00fan.\u00a0 \u00a0\u00a0\u00a0<\/p><p><em>Montevideana<\/em> se caracteriza tambi\u00e9n por la asistencia de un p\u00fablico m\u00e1s numeroso y variado que el que suele concurrir a actividades acad\u00e9micas puntualmente literarias. La participaci\u00f3n de escritores, intelectuales, artistas y otras personas de relevancia en la producci\u00f3n cultural, as\u00ed como la asistencia de un p\u00fablico que siempre incluye estudiantes e investigadores\u00a0de distintos niveles y disciplinas, contribuye a la proyecci\u00f3n de la actividad m\u00e1s all\u00e1 de la academia. Reflejo de ello, tal vez, sea la proyecci\u00f3n que pasadas ediciones del encuentro han tenido en la prensa escrita y radial nacional. Asimismo, contamos con ponencias, paneles y mesas redondas, en todas las ediciones del coloquio, de investigadores de distintas procedencias, como por ejemplo, de \u00a0Gran Breta\u00f1a, Argentina, Brasil, Espa\u00f1a, Estados Unidos, Canad\u00e1, Francia e Israel adem\u00e1s de Uruguay. Esta caracter\u00edstica particular de <em>Montevideana<\/em>, hace que, a nuestro entender, el encuentro realice un aporte relevante y distintivo al campo cultural local, y al internacional, ya que el aporte de una perspectiva \u201csituada\u201d, latinoamericana y en especial rioplatense, permite planteos novedosos y aportes originales,\u00a0 respecto de los autores y temas tratados, que abren el panorama europeo y\/o norteamericano a lecturas m\u00e1s ricas,\u00a0 m\u00e1s cuestionadoras, m\u00e1s complejas. Todos los coloquios han contado con interpretaci\u00f3n simult\u00e1nea para sostener y promover di\u00e1logos internacionales.\u00a0\u00a0<\/p><p>Adem\u00e1s,\u00a0<em>Montevideana <\/em>se distingue por una sostenida y efectiva vocaci\u00f3n interdisciplinaria e interinstitucional. Con sede desde su primera edici\u00f3n en el Museo Nacional de Artes Visuales, el encuentro es percibido como una de las actividades \u201cfijas\u201d del MNAV, que no solo ha brindado hospitalidad y colaborado en los aspectos log\u00edsticos del coloquio, sino que ha participado activamente en lo espec\u00edficamente cultural y acad\u00e9mico. En particular, se destaca la organizaci\u00f3n por parte del Museo, en conjunto con nuestro Departamento y\/u otros\u00a0 investigadores e instituciones, de exposiciones de artes visuales complementarias de las actividades acad\u00e9micas, que han contribuido de manera destacada\u00a0con nuestro trabajo de investigaci\u00f3n, y del MNAV para investigar y dar a conocer su propio acervo.<\/p><p>Finalmente,\u00a0<em>Montevideana\u00a0<\/em>se caracteriza <strong><a href=\"\/montevideana\/#publicaciones\" target=\"_blank\" rel=\"noopener\">por publicar, tras cada edici\u00f3n, un libro<\/a><\/strong> que contiene una selecci\u00f3n de los trabajos presentados y luego revisados por sus autores en base a los intercambios y di\u00e1logos que se suscitaron en el Coloquio, que es publicado por la editorial Linardi y Risso. Ya han aparecido once vol\u00famenes que integran la <em>Serie<\/em> <em>Montevideana<\/em> que adem\u00e1s de su circulaci\u00f3n en nuestro pa\u00eds y la regi\u00f3n, son adquiridos regularmente por decenas de las principales universidades y bibliotecas europeas y norteamericanas, gracias tambi\u00e9n a los contactos de la librer\u00eda y editorial \u00a0Linardi y Risso.<\/p>\t\t\t\t\t\t<\/div>\n\t\t\t\t<\/div>\n\t\t\t\t\t<\/div>\n\t\t<\/div>\n\t\t\t\t\t\t\t<\/div>\n\t\t<\/section>\n\t\t\t\t\t\t<\/div>\n\t\t\t\t\t<\/div>\n\t\t","protected":false},"excerpt":{"rendered":"<p>Sobre Montevideana Desde el a\u00f1o 2003 el Departamento de Letras Modernas de la Facultad de Humanidades y Ciencias de la Educaci\u00f3n de la Universidad de la Rep\u00fablica ha organizado una serie de encuentros internacionales que, con el t\u00edtulo general de \u201cMontevideana\u201d, tienen como cometido reflexionar sobre las relaciones literarias y culturales entre Uruguay y Am\u00e9rica &hellip;<\/p>\n<p class=\"read-more\"> <a class=\"\" href=\"https:\/\/fhce.edu.uy\/montevideana\/sobre-montevideana\/\"> <span class=\"screen-reader-text\">Sobre Montevideana<\/span> Read More &raquo;<\/a><\/p>\n","protected":false},"author":2,"featured_media":0,"parent":0,"menu_order":0,"comment_status":"closed","ping_status":"closed","template":"","meta":{"_coblocks_attr":"","_coblocks_dimensions":"","_coblocks_responsive_height":"","_coblocks_accordion_ie_support":"","site-sidebar-layout":"no-sidebar","site-content-layout":"page-builder","ast-global-header-display":"","ast-main-header-display":"","ast-hfb-above-header-display":"","ast-hfb-below-header-display":"","ast-hfb-mobile-header-display":"","site-post-title":"disabled","ast-breadcrumbs-content":"","ast-featured-img":"disabled","footer-sml-layout":"","theme-transparent-header-meta":"enabled","adv-header-id-meta":"","stick-header-meta":"default","header-above-stick-meta":"","header-main-stick-meta":"","header-below-stick-meta":""},"_links":{"self":[{"href":"https:\/\/fhce.edu.uy\/montevideana\/wp-json\/wp\/v2\/pages\/534"}],"collection":[{"href":"https:\/\/fhce.edu.uy\/montevideana\/wp-json\/wp\/v2\/pages"}],"about":[{"href":"https:\/\/fhce.edu.uy\/montevideana\/wp-json\/wp\/v2\/types\/page"}],"author":[{"embeddable":true,"href":"https:\/\/fhce.edu.uy\/montevideana\/wp-json\/wp\/v2\/users\/2"}],"replies":[{"embeddable":true,"href":"https:\/\/fhce.edu.uy\/montevideana\/wp-json\/wp\/v2\/comments?post=534"}],"version-history":[{"count":15,"href":"https:\/\/fhce.edu.uy\/montevideana\/wp-json\/wp\/v2\/pages\/534\/revisions"}],"predecessor-version":[{"id":1458,"href":"https:\/\/fhce.edu.uy\/montevideana\/wp-json\/wp\/v2\/pages\/534\/revisions\/1458"}],"wp:attachment":[{"href":"https:\/\/fhce.edu.uy\/montevideana\/wp-json\/wp\/v2\/media?parent=534"}],"curies":[{"name":"wp","href":"https:\/\/api.w.org\/{rel}","templated":true}]}}